
Let f be (0 - 3)/((1397/143 - 10)*-1). Let n(q) be the third derivative of q**4/24 + 3*q**3/2 + 2*q**2. What is n(f)?
-4
Let g(i) = 2*i**2 + i - 1. Let u be g(1). Let j be (50/(-4))/(60/(-48)) + -6. Suppose n = 4*t + 5*n - j, 2*t + 4*n = -u. Let l(k) = -k**2 + 4*k + 2. Give l(t).
5
Let w be 124/32 - (4/(-32) - 0). Suppose -z + 4*b = -0*b - 11, -4*b + 7 = 5*z. Let n(m) = -w - 11*m**z + 7*m**3 - 5*m**2 - 4*m**2 + 5*m**3. What is n(9)?
-4
Let f be (-6)/10 - (0 + 2115/(-25)). Let v(b) = 9*b**2 + 3*b + 2. Let x be v(3). Suppose f = -g + x. Let s(u) = u - 8. Give s(g).
0
Let s(j) = 23*j + 5. Let h(u) = -38*u - 10. Let z(r) = 3*h(r) + 5*s(r). Give z(9).
4
Let r = 20311 - 20320. Let o(s) = 2*s**2 + 21*s + 4. Determine o(r).
-23
Let n = -137 - -83. Let y = -54 - n. Let m(c) = -c - 7. Calculate m(y).
-7
Let n(r) be the first derivative of -r**4/12 - r**3/2 + 3*r**2/2 - 202*r + 137. Let o(x) be the first derivative of n(x). Determine o(-5).
-7
Let y be -1 + (-10)/(-5) + (-70)/(-10). Let x(o) be the third derivative of o**4/8 - o**3/3 + o**2. Determine x(y).
22
Let o(l) = 2*l**2 - 29*l + 35. Suppose 238 = -9*t + 29*t - 3*t. What is o(t)?
21
Let g(l) be the second derivative of l**5/20 - l**4/2 - 4*l**3/3 - 7*l**2/2 - l. Suppose -3*o + 4*y + 25 = 0, -12 = 2*o + y - 25. Determine g(o).
-14
Suppose 390*v + 3848 = 353*v. Let u be (-2)/(-4) + (-615)/(-6). Let q = v + u. Let d(b) = -5*b. What is d(q)?
5
Let x = -5758 - -5762. Let l(k) = -3*k**2 - 8*k + 5. Give l(x).
-75
Let b(o) = 7*o**2 - 8*o + 4. Let n(k) = 8*k**2 - 8*k + 3. Let m(y) = -7*b(y) + 6*n(y). Let v = 191 - 183. Determine m(v).
-10
Let v(g) = 11*g + 63 - 130 + g**2 + 75. Suppose -46 = 5*o - l, -16 = 2*o + 4*l - 2*l. What is v(o)?
-10
Let c(j) be the second derivative of -j**6/15 - j**5/60 - j**4/12 - j**3/6 - 52*j**2 - 25*j. Let u(a) be the first derivative of c(a). Give u(-1).
8
Let a(q) be the first derivative of q**5/30 + q**4/2 + 113*q**3/3 - 252. Let o(d) be the third derivative of a(d). Give o(-6).
-12
Suppose -3*u - u = -12. Let t(y) = 15*y - 28. Let r be t(4). Let s(c) = -c**3 - r*c + 0*c**2 + 0*c**3 + 53*c - 25*c + 4*c**2 + 1. What is s(u)?
-2
Let y(i) = -2*i**3 + 12*i**2 + 2*i - 4. Let r = 6850 - 6844. Calculate y(r).
8
Let u(d) = 1 - 3*d**2 - 21 + 16*d - 12 - d**3 + 16*d**2. Calculate u(14).
-4
Let s(p) be the second derivative of p**7/840 - p**6/72 - p**5/30 + p**4/4 - 131*p**3/6 - 120*p. Let b(c) be the second derivative of s(c). Give b(5).
-14
Let j be 2*-1*2*6/(-8). Suppose -2*k - 2*k = 3*o + 32, j*k + 2*o + 23 = 0. Let d(i) = -3*i + 7. Let m(f) = -2*f + 6. Let p(n) = -5*d(n) + 6*m(n). What is p(k)?
-14
Let z(i) = i + 5. Suppose -3*w + 1848 = 4*k - 663, -1263 = -2*k - 3*w. Let x = -633 + k. Calculate z(x).
-4
Let n(m) be the third derivative of m**5/60 - m**4/12 - 31*m**3/6 - 2*m**2 + 269*m. Determine n(0).
-31
Suppose 0 = -y - 2. Let j be ((y + 2)/4)/1. Let v(o) = -o**2 - 5*o**3 - 3*o**2 + 13 + 3*o**2 - 960*o + 4*o**3 + 961*o. Calculate v(j).
13
Let z(p) be the first derivative of 10*p**3/3 + 4*p**2 - 7*p + 246. Let x(s) = -17*s**2 - 15*s + 14. Let l(r) = 3*x(r) + 5*z(r). Determine l(-5).
7
Let u(s) = -3*s**3 + 1 - 5848057*s**2 + 10*s + 2*s**3 + 5848066*s**2. Give u(10).
1
Let u(q) be the third derivative of q**5/30 - 7*q**4/24 + 17*q**3/6 + 23*q**2 + 11. What is u(4)?
21
Let m(q) = -2*q**3 + 7*q**2 - 5*q + 3. Let z = -18179 + 18183. Calculate m(z).
-33
Let f(d) be the second derivative of -3*d**3/2 + 50*d**2 - 1563*d + 1. What is f(12)?
-8
Let w(d) = d**3 + d**2 - d + 2. Let f be -5 - (3/4)/(2/240). Let b = -98 - f. Determine w(b).
-13
Suppose u + 2 = 3*j, 2*j - 3 - 2 = -3*u. Suppose 3*l + 3*f - u = -16, 5*l + 21 = -3*f. Let c(q) be the third derivative of -q**5/30 + q**3/3 - q**2. Give c(l).
-16
Let g(b) = b**3 + 3*b**2 - 131*b + 2. Let x(j) = 2*j**3 + 5*j**2 - 285*j + 3. Let k(p) = 13*g(p) - 6*x(p). What is k(-5)?
73
Let p(s) = 17*s - 142. Let b(k) = k**2 + 201*k - 1882. Let z be b(9). Give p(z).
-6
Let y(a) = -4 - 16*a**2 - 1631*a + 0 + 1391*a. Give y(-15).
-4
Let z be (-1)/(-23) - 45500/14950. Let w(v) = -2*v**3 + 2*v**2 - 4*v - 11. What is w(z)?
73
Let h(i) = i**3 - 11*i**2 + 32*i - 32. Suppose -33*c = -28*c - 2*y - 45, -3*y = 15. What is h(c)?
-4
Let w(g) = g + 1. Let y(v) = -v + 8. Let d(k) = 6*w(k) - y(k). Suppose 3*m = 3, 5*m = 5*z + 4*m + 21. Give d(z).
-30
Let o(t) = 23*t + 24*t + 25*t**2 - 3 - 55*t - 28*t**2 + t**3. Determine o(6).
57
Let b be (-79)/(-158)*(2/7 + (-6)/21). Let v(k) = k**2 - 6*k - 93. Calculate v(b).
-93
Let f(s) = -44*s + 1. Let m(i) = -53*i + 2. Let t(o) = -6*f(o) + 5*m(o). Determine t(0).
4
Let t = -10 + 12. Suppose -5*u - t*w = 2*w - 35, -20 = -4*w. Let f(k) = -5*k**2 + 14*k**2 + 13*k**u - 11*k**2 + k. What is f(1)?
12
Let j = 12 - 7. Let a(t) = t**3 + 6*t**2 - 5*t - 3. Let d(h) = -h**3 - 5*h**2 + 4*h + 2. Suppose 13*l = -8*l + 84. Let v(u) = j*d(u) + l*a(u). Give v(-2).
2
Let x(v) = v**3 - 3*v - 2. Suppose -13*o = o. Suppose o*a + 3*a - 2*n = -10, 4*n - 2 = -3*a. Calculate x(a).
-4
Let z(l) = 5*l - 288. Let y(w) = -w + 573. Let x(n) = 6*y(n) + 13*z(n). Calculate x(5).
-11
Suppose 3*i + 5*w - 1 = 1, -3*i = 3*w + 6. Let o(q) be the first derivative of q**3/3 + 3*q**2 + 8*q + 182. Calculate o(i).
8
Let z(q) be the first derivative of q**2/2 - 26*q - 4688. Determine z(6).
-20
Suppose 614 - 204 = 10*o. Let h(p) = 54*p + o*p - 93*p. Let c(d) = d**3 - 5*d**2 - 6*d - 4. Let t be c(6). What is h(t)?
-8
Let r(l) = -3*l**2 - 3*l + 1. Let d(c) = -7*c**2 - 7*c + 2. Let p(f) = -3*f - 29. Let u be p(-8). Let z(a) = u*r(a) + 2*d(a). Calculate z(-4).
11
Let d(s) = 4*s + s**3 + 0*s**2 - 5*s**2 - 3 + 6. Let p = -1296 + 693. Let o = 607 + p. Give d(o).
3
Let d(h) = h**3 + 6*h**2 - 6*h + 2. Let l(u) be the first derivative of -7*u**3/3 + 7*u**2 - 14*u + 59. Let s be l(1). Determine d(s).
-5
Let h(o) be the third derivative of -1 + 5/24*o**4 + 13*o**2 - o**3 + 0*o. Give h(6).
24
Suppose -10*t + 2*t = 31*t - 351. Let z(l) = -2*l**2 + 20*l - 3. What is z(t)?
15
Let o(x) = 5*x + 2*x + 5*x - 9*x + 42 - 4*x. Calculate o(15).
27
Suppose -5*h = o - 9, 2 + 3 = 4*h + 3*o. Let n(u) = u**2 + 0*u**2 - h*u**2 + 10*u**3 + 3*u**3. Let f = -212 + 211. What is n(f)?
-14
Let r(q) = -q**2 + 18*q - 183 + 411 - 202. What is r(19)?
7
Let s(x) = -x**3 + 11*x**2 - x + 15. Let v = 109 - 96. Suppose -36*r + 253 = -v*r. Calculate s(r).
4
Suppose 57*l = -10780 + 11122. Let m(x) = -x**3 + 7*x**2 + 5*x + 6. Determine m(l).
72
Let n(q) = -82 - 151*q**2 + 141*q**2 + q**3 + 14*q + 14*q + 70. Give n(6).
12
Let g(a) = -6 - 39*a + 7 + 48*a + a**2. Suppose -5*p - h + 13 = 0, 4*p - 9 = h - 4. Suppose 0 = -2*i + j - 13, p*j = -3*j - 15. Determine g(i).
-7
Let s be (5/(-2) - -2)*(5 - 27). Let q(h) = 13 - 39 + 9 + 9 + s - h**2. What is q(4)?
-13
Suppose -9*i + 138 = -15*i + 12*i. Let z(h) be the second derivative of 0 + 0*h**2 - i*h - 5/6*h**3 + 1/20*h**5 + 1/3*h**4. Calculate z(-5).
0
Suppose 0 = -4*c + 40*y - 44*y + 4, 3*y = -4*c + 6. Let p(h) = -h + 11. Let s be p(8). Let b(o) = 13 - 3*o - s*o**2 + o**3 - 2*o**c - 15. Determine b(-3).
7
Let v = 11688 + -11683. Let g(h) = 14*h - 82. Determine g(v).
-12
Let g(h) = -8*h. Let a be ((-6)/18)/((-22)/462). Give g(a).
-56
Let z(f) = f**2 + 5*f - 5. Let c be z(-6). Let g = -9 + c. Let i(o) = 11*o - 12. Let t(u) = 30*u - 34. Let d(v) = -11*i(v) + 4*t(v). Determine d(g).
4
Let r(p) = -11*p - 2. Let w(g) = -2*g. Suppose -10*b + 33*b - 138 = 0. Let z(y) = b*w(y) - r(y). Suppose 2*q + q = 6. What is z(q)?
0
Let l = -7 - -2. Let s(y) = 13*y + 28. Let u(t) = -18*t - 39. Let k(a) = -7*s(a) - 5*u(a). Determine k(l).
4
Let o be (2/(-8))/1 - 2163/(-28). Let z(i) = 5*i - i + o*i**2 - 81*i**2 + i**3 - 6. Let w be z(3). Let d(u) = -4*u - 4. Calculate d(w).
8
Let a be (160/8 + -24)*(-3 - -1). Suppose 5*i - t = 4 + 4, t = 2. Let d(q) = 39*q + q**2 - a*q - 1 + i - 21*q. Give d(-4).
-23
Suppose 0 = 5*a - 2*s + 26, -3 = -4*a + 5*s - 17. Let g = -117 - -125. Let c(h) = 14 + 4*h + h**2 - g - 11 - 3. What is c(a)?
4
Let l(z) = 3*z**3 - 17*z**2 + 11*z - 12. Let u(p) = 5*p**3 - 26*p**2 + 17*p - 18. Let x(g) = 8*l(g) - 5*u(g). Let b = 68 + -75. Give x(b).
22
Let j(q) = 20*q - 45. Let m(z) = 19*z - 27. Let l(p) = -4*j(p) + 5*m(p). Give l(-5).
-30
Let f(q) = 25*q - 18. Let p = 18688 + -18